{"id":20199,"date":"2023-12-18T12:26:58","date_gmt":"2023-12-18T15:26:58","guid":{"rendered":"https:\/\/alphamodasocial.com.br\/shop\/?post_type=product&#038;p=20199"},"modified":"2026-01-10T12:51:49","modified_gmt":"2026-01-10T15:51:49","slug":"camiseta-evento-haval-gt-1o-encontro-havaleiros-do-brasil-garagem-55-mooca-sao-paulo","status":"publish","type":"product","link":"https:\/\/alphamodasocial.com.br\/shop\/produto\/camiseta-evento-haval-gt-1o-encontro-havaleiros-do-brasil-garagem-55-mooca-sao-paulo\/","title":{"rendered":"Camiseta Havaleiros do Brasil, fa\u00e7a parte desse movimento"},"content":{"rendered":"<p style=\"text-align: left;\"><strong>&#8220;Vista a paix\u00e3o automotiva e junte-se \u00e0 primeira grande aventura dos Havaleiros do Brasil! <\/strong><\/p>\n<p style=\"text-align: left;\">Confeccionada em malha fria PV antipilling com prote\u00e7\u00e3o UV, promete conforto e estilo e durabilidade em todos os tamanhos, do P ao EXG.<\/p>\n<p data-sourcepos=\"6:1-6:34\"><strong>Voc\u00ea \u00e9 um Havaleiro do Brasil? Hev, Phev e GT<\/strong><\/p>\n<p data-sourcepos=\"10:1-10:160\">Esta camiseta \u00e9 feita com materiais de alta qualidade, garantindo conforto e durabilidade. Ela tem um design moderno e estiloso, perfeito para qualquer ocasi\u00e3o.<\/p>\n<p data-sourcepos=\"12:1-12:159\">A camiseta \u00e9 preta com o logo do movimento Havaleiros do Brasil silkado no peito e Haval na lateral criando um style \u00fanico na pe\u00e7a. Ela \u00e9 uma \u00f3tima maneira de mostrar sua paix\u00e3o pelo carro e pelo movimento.<\/p>\n<p data-sourcepos=\"14:1-14:108\"><strong>Compre agora a sua camiseta Havaleiros do Brasil e mostre sua paix\u00e3o pelo carro mais desejado do Brasil!<\/strong><\/p>\n<p data-sourcepos=\"53:1-53:318\">segmentar seu p\u00fablico e aumentar as chances de convers\u00e3o.<\/p>\n<p data-sourcepos=\"55:1-55:75\">Aqui est\u00e3o algumas outras ideias para tornar o an\u00fancio ainda mais atraente:<\/p>\n<ul data-sourcepos=\"57:1-60:0\">\n<li data-sourcepos=\"57:1-57:47\">Use uma imagem de alta qualidade da camiseta.<\/li>\n<li data-sourcepos=\"58:1-58:74\">Inclua depoimentos de outros Havaleiros do Brasil que adoram a camiseta.<\/li>\n<li data-sourcepos=\"59:1-60:0\">Ofere\u00e7a um desconto ou promo\u00e7\u00e3o especial para Havaleiros do Brasil.<\/li>\n<\/ul>\n<p data-sourcepos=\"61:1-61:114\">Com um pouco de criatividade, voc\u00ea pode criar um an\u00fancio que ajudar\u00e1 a vender mais camisetas Havaleiros do Brasil.<\/p>\n<p>&nbsp;<\/p>\n<p><strong><img decoding=\"async\" loading=\"lazy\" class=\"wp-image-28455 alignleft\" src=\"https:\/\/unialphauniformes.com.br\/wp-content\/uploads\/2022\/06\/c585d7e96a7eaf3f1ecd1297d4593ce9.jpg\" alt=\"\" width=\"93\" height=\"93\" \/><\/strong><\/p>\n<p><strong>FAZEMOS SEU UNIFORME NA COR QUE VOC\u00ca IMAGINAR<\/strong><\/p>\n<p>&nbsp;<\/p>\n<p><strong>Compre agora e nos envie as informa\u00e7\u00f5es abaixo nesse whatsapp<a href=\"https:\/\/wa.me\/551531911606?text=Ol\u00e1,%20vim%20do%20site%20alpha%20Uniformes\" target=\"_blank\" rel=\"noopener\"><img decoding=\"async\" loading=\"lazy\" class=\"alignnone wp-image-28466\" src=\"https:\/\/unialphauniformes.com.br\/wp-content\/uploads\/2022\/06\/ec17f4c55c8cc534d8b12ea2181a0b73.jpg\" alt=\"\" width=\"17\" height=\"17\" \/><\/a> <\/strong><br \/>\n&#8211; O logo da sua empresa<br \/>\n&#8211; Combina\u00e7\u00e3o de cores que deseja conforme cat\u00e1logos em anexo<br \/>\n&#8211; Quantidades de pe\u00e7as por tamanho e sexo<\/p>\n<p>&nbsp;<\/p>\n<p>&nbsp;<\/p>\n<p><script type=\"application\/ld+json\">\n{\n  \"@context\": \"https:\/\/schema.org\/\",\n  \"@type\": \"Product\",\n  \"name\": \"Camiseta Evento Haval GT - 1\u00ba Encontro Havaleiros do Brasil - Garagem 55 Mooca, S\u00e3o Paulo\",\n  \"image\": [\n    \"https:\/\/alphamodasocial.com.br\/path-to-image1.jpg\",\n    \"https:\/\/alphamodasocial.com.br\/path-to-image2.jpg\"\n  ],\n  \"description\": \"Camiseta exclusiva do evento Haval GT, 1\u00ba Encontro Havaleiros do Brasil, realizado na Garagem 55 Mooca, S\u00e3o Paulo.\",\n  \"sku\": \"SKU24680\",\n  \"mpn\": \"MPN24680\",\n  \"brand\": {\n    \"@type\": \"Brand\",\n    \"name\": \"Alpha Moda Social\"\n  },\n  \"offers\": {\n    \"@type\": \"Offer\",\n    \"url\": \"https:\/\/alphamodasocial.com.br\/shop\/produto\/camiseta-evento-haval-gt-1o-encontro-havaleiros-do-brasil-garagem-55-mooca-sao-paulo\/\",\n    \"priceCurrency\": \"BRL\",\n    \"price\": \"50.00\",\n    \"priceValidUntil\": \"2024-12-31\",\n    \"itemCondition\": \"https:\/\/schema.org\/NewCondition\",\n    \"availability\": \"https:\/\/schema.org\/InStock\"\n  }\n}\n<\/script><\/p>\n","protected":false},"excerpt":{"rendered":"<p><strong>Se voc\u00ea \u00e9 um orgulhoso propriet\u00e1rio de um Haval H6 e participa desse movimento que est\u00e1 crescendo cada vez mais no Brasil, ent\u00e3o esta camiseta \u00e9 perfeita para voc\u00ea!<\/strong><\/p>\n<p>&nbsp;<\/p>\n<p><strong><img decoding=\"async\" loading=\"lazy\" class=\"wp-image-28455 alignleft\" src=\"https:\/\/unialphauniformes.com.br\/wp-content\/uploads\/2022\/06\/c585d7e96a7eaf3f1ecd1297d4593ce9.jpg\" alt=\"\" width=\"93\" height=\"93\" \/><\/strong><\/p>\n<p><strong>FAZEMOS SEU UNIFORME NA COR QUE VOC\u00ca IMAGINAR<\/strong><\/p>\n<p>&nbsp;<\/p>\n<p><strong>Compre agora e nos envie as informa\u00e7\u00f5es abaixo nesse whatsapp<a href=\"https:\/\/wa.me\/551531911606?text=Ol\u00e1,%20vim%20do%20site%20alpha%20Uniformes\" target=\"_blank\" rel=\"noopener\"><img decoding=\"async\" loading=\"lazy\" class=\"alignnone wp-image-28466\" src=\"https:\/\/unialphauniformes.com.br\/wp-content\/uploads\/2022\/06\/ec17f4c55c8cc534d8b12ea2181a0b73.jpg\" alt=\"\" width=\"17\" height=\"17\" \/><\/a> <\/strong><br \/>\n&#8211; O logo da sua empresa<br \/>\n&#8211; Combina\u00e7\u00e3o de cores que deseja conforme cat\u00e1logos em anexo<br \/>\n&#8211; Quantidades de pe\u00e7as por tamanho e sexo<\/p>\n<p><img decoding=\"async\" loading=\"lazy\" class=\"alignnone wp-image-20299\" src=\"https:\/\/alphamodasocial.com.br\/shop\/wp-content\/uploads\/2023\/12\/7738a28e-319d-4f29-a09a-057d32bbfcb5.jpg\" alt=\"\" width=\"230\" height=\"307\" srcset=\"https:\/\/alphamodasocial.com.br\/shop\/wp-content\/uploads\/2023\/12\/7738a28e-319d-4f29-a09a-057d32bbfcb5.jpg 1200w, https:\/\/alphamodasocial.com.br\/shop\/wp-content\/uploads\/2023\/12\/7738a28e-319d-4f29-a09a-057d32bbfcb5-225x300.jpg 225w, https:\/\/alphamodasocial.com.br\/shop\/wp-content\/uploads\/2023\/12\/7738a28e-319d-4f29-a09a-057d32bbfcb5-768x1024.jpg 768w, https:\/\/alphamodasocial.com.br\/shop\/wp-content\/uploads\/2023\/12\/7738a28e-319d-4f29-a09a-057d32bbfcb5-1152x1536.jpg 1152w, https:\/\/alphamodasocial.com.br\/shop\/wp-content\/uploads\/2023\/12\/7738a28e-319d-4f29-a09a-057d32bbfcb5-640x853.jpg 640w\" sizes=\"(max-width: 230px) 100vw, 230px\" \/><\/p>\n","protected":false},"featured_media":20205,"template":"","meta":{"_monsterinsights_skip_tracking":false,"_monsterinsights_sitenote_active":false,"_monsterinsights_sitenote_note":"","_monsterinsights_sitenote_category":0},"product_cat":[1924],"product_tag":[2079,2081,2082,2078,2077,2076,2080,1938,1934,1937,1926,1925,1940,1939,1936,1933],"_links":{"self":[{"href":"https:\/\/alphamodasocial.com.br\/shop\/wp-json\/wp\/v2\/product\/20199"}],"collection":[{"href":"https:\/\/alphamodasocial.com.br\/shop\/wp-json\/wp\/v2\/product"}],"about":[{"href":"https:\/\/alphamodasocial.com.br\/shop\/wp-json\/wp\/v2\/types\/product"}],"wp:featuredmedia":[{"embeddable":true,"href":"https:\/\/alphamodasocial.com.br\/shop\/wp-json\/wp\/v2\/media\/20205"}],"wp:attachment":[{"href":"https:\/\/alphamodasocial.com.br\/shop\/wp-json\/wp\/v2\/media?parent=20199"}],"wp:term":[{"taxonomy":"product_cat","embeddable":true,"href":"https:\/\/alphamodasocial.com.br\/shop\/wp-json\/wp\/v2\/product_cat?post=20199"},{"taxonomy":"product_tag","embeddable":true,"href":"https:\/\/alphamodasocial.com.br\/shop\/wp-json\/wp\/v2\/product_tag?post=20199"}],"curies":[{"name":"wp","href":"https:\/\/api.w.org\/{rel}","templated":true}]}}