{"id":20101,"date":"2023-11-19T17:20:10","date_gmt":"2023-11-19T20:20:10","guid":{"rendered":"https:\/\/alphamodasocial.com.br\/shop\/?post_type=product&#038;p=20101"},"modified":"2025-06-19T11:18:59","modified_gmt":"2025-06-19T14:18:59","slug":"camisa-polo-alta-qualidade-malha-algodao-piquet-e-dry-fit-pv-para-uniformes-personalizados-kit-20-pcs","status":"publish","type":"product","link":"https:\/\/alphamodasocial.com.br\/shop\/produto\/camisa-polo-alta-qualidade-malha-algodao-piquet-e-dry-fit-pv-para-uniformes-personalizados-kit-20-pcs\/","title":{"rendered":"Camisa Alta Qualidade gola polo em malha Algod\u00e3o, Piquet, Dry Fit ou PV para uniformes personalizados &#8211; Kit 20 p\u00e7s"},"content":{"rendered":"<div class=\"flex-1 overflow-hidden\">\n<div class=\"react-scroll-to-bottom--css-icfpe-79elbk h-full\">\n<div class=\"react-scroll-to-bottom--css-icfpe-1n7m0yu\">\n<div class=\"flex flex-col text-sm gizmo:pb-9 dark:bg-gray-800 gizmo:dark:bg-transparent\">\n<div class=\"w-full text-token-text-primary border-b border-black\/10 gizmo:border-0 dark:border-gray-900\/50 gizmo:dark:border-0 bg-gray-50 gizmo:bg-transparent dark:bg-[#444654] gizmo:dark:bg-transparent\" data-testid=\"conversation-turn-37\">\n<div class=\"p-4 gizmo:py-2 justify-center text-base md:gap-6 md:py-6 m-auto\">\n<div class=\"flex flex-1 gap-4 text-base mx-auto md:gap-6 gizmo:gap-3 gizmo:md:px-5 gizmo:lg:px-1 gizmo:xl:px-5 md:max-w-2xl lg:max-w-[38rem] gizmo:md:max-w-3xl gizmo:lg:max-w-[40rem] gizmo:xl:max-w-[48rem] xl:max-w-3xl } group final-completion\">\n<div class=\"relative flex w-[calc(100%-50px)] flex-col gizmo:w-full lg:w-[calc(100%-115px)] agent-turn\">\n<div class=\"flex-col gap-1 md:gap-3\">\n<div class=\"flex flex-grow flex-col max-w-full gap-3 gizmo:gap-0\">\n<div class=\"min-h-[20px] text-message flex flex-col items-start gap-3 whitespace-pre-wrap break-words [.text-message+&amp;]:mt-5 overflow-x-auto\" data-message-author-role=\"assistant\" data-message-id=\"e56396e6-8927-4c61-a622-cafd7a0faf1e\">\n<div class=\"markdown prose w-full break-words dark:prose-invert light\">\n<p><strong>Eleve<\/strong> a imagem da sua equipe com nossos <strong>uniformes personalizados<\/strong>.<\/p>\n<p>Cada camisa vem com um bordado exclusivo no peito para representar sua marca com eleg\u00e2ncia.<\/p>\n<p>Escolha entre diversas op\u00e7\u00f5es de tecidos de alta qualidade: Cada op\u00e7\u00e3o promete conforto e durabilidade excepcionais.<br \/>\n<strong>Malha piquet<\/strong> (antipilling = anti bolinhas) &#8211; 50% poli\u00e9ster 50% algod\u00e3o<strong><br \/>\nMalha fria PV<\/strong> (antipilling = anti bolinhas) 67% poliester 33% viscose<br \/>\n<strong>Malha Dry fit<\/strong> 100% poliester<br \/>\n<strong>Meia malha<\/strong> 100% algod\u00e3o<\/p>\n<p>Com um brinde especial, a<strong> bandeira do Brasil<\/strong> adicionar\u00e1 um toque de patriotismo ao seu uniforme. Assista ao nosso v\u00eddeo explicativo para entender as vantagens de cada malha e fa\u00e7a a escolha perfeita para seu time ou empresa.<\/p>\n<p>Se tiver d\u00favidas sobre a malha assista esse v\u00eddeo<br \/>\n<a href=\"https:\/\/youtu.be\/y9Hj79Md5lY\" target=\"_blank\" rel=\"noopener\"><img decoding=\"async\" loading=\"lazy\" class=\"alignnone wp-image-19491\" src=\"https:\/\/alphamodasocial.com.br\/shop\/wp-content\/uploads\/2022\/11\/youtube-logo-5-2.png\" alt=\"ideias-de-uniformes-que-n\u00e3o-amassam-que-n\u00e3o-encolhem-que-n\u00e3o-desbotam\" width=\"21\" height=\"15\" srcset=\"https:\/\/alphamodasocial.com.br\/shop\/wp-content\/uploads\/2022\/11\/youtube-logo-5-2.png 4096w, https:\/\/alphamodasocial.com.br\/shop\/wp-content\/uploads\/2022\/11\/youtube-logo-5-2-300x210.png 300w, https:\/\/alphamodasocial.com.br\/shop\/wp-content\/uploads\/2022\/11\/youtube-logo-5-2-1024x715.png 1024w, https:\/\/alphamodasocial.com.br\/shop\/wp-content\/uploads\/2022\/11\/youtube-logo-5-2-768x536.png 768w, https:\/\/alphamodasocial.com.br\/shop\/wp-content\/uploads\/2022\/11\/youtube-logo-5-2-1536x1073.png 1536w, https:\/\/alphamodasocial.com.br\/shop\/wp-content\/uploads\/2022\/11\/youtube-logo-5-2-2048x1431.png 2048w, https:\/\/alphamodasocial.com.br\/shop\/wp-content\/uploads\/2022\/11\/youtube-logo-5-2-640x447.png 640w\" sizes=\"(max-width: 21px) 100vw, 21px\" \/> <\/a><a href=\"https:\/\/youtu.be\/y9Hj79Md5lY\" target=\"_blank\" rel=\"noopener\">https:\/\/youtu.be\/y9Hj79Md5lY<\/a><\/p>\n<p>Fa\u00e7a seu pedido hoje e aproveite nosso processamento de entrega eficiente, com prazos claros de 25 \u00e0 35 dias \u00fateis e um servi\u00e7o que voc\u00ea pode confiar. Para tamanhos Plus Size ou pedidos especiais, nosso time est\u00e1 pronto para atend\u00ea-lo pelo WhatsAp<\/p>\n<p>&nbsp;<\/p>\n<p>&nbsp;<\/p>\n<p><strong>Finaliza\u00e7\u00e3o<\/strong>: Nosso compromisso \u00e9 com sua satisfa\u00e7\u00e3o e a representa\u00e7\u00e3o impec\u00e1vel da sua marca. Nossos processos automatizados asseguram a <strong>qualidade e a padroniza\u00e7\u00e3o<\/strong> que sua empresa merece. Descubra a diferen\u00e7a de uniformes feitos com cuidado e precis\u00e3o &#8211; porque sua equipe \u00e9 o reflexo da sua marca.<\/p>\n<\/div>\n<\/div>\n<\/div>\n<\/div>\n<\/div>\n<\/div>\n<\/div>\n<\/div>\n<\/div>\n<\/div>\n<\/div>\n<\/div>\n<p>Tamanhos PP ao EXG<\/p>\n<p>Tamanhos G1 ao G6 plus size tem acr\u00e9scimo de 40%<b><\/b><\/p>\n<p><strong>TEMPO DE PROCESSAMENTO DE ENTREGA 25 a 35 DIAS \u00daTEIS (RECEBIMENTO DO PAGAMENTO, SEPARA\u00c7\u00c3O, CONFER\u00caNCIA, EMBALAGEM E ENVIO) MAIS O PRAZO ESTIPULADO PELOS CORREIOS.<\/strong><br \/>\n<strong>O PRAZO COME\u00c7AR\u00c1 A CONTAR A PARTIR DA APROVA\u00c7\u00c3O DO PEDIDO COM TAMANHOS, COR, MODELO E SIMULA\u00c7\u00c3O J\u00c1 DEFINIDOS.<\/strong><\/p>\n<p>Pe\u00e7a um or\u00e7amento agora e transforme o uniforme da sua empresa em um marketing poderoso!<\/p>\n<p><a href=\"https:\/\/wa.me\/551531911606?text=Ol\u00e1,%20vim%20do%20site%20alpha%20Uniformes\" target=\"_blank\" rel=\"noopener\"><img decoding=\"async\" loading=\"lazy\" class=\"alignnone wp-image-31717\" src=\"https:\/\/unialphauniformes.com.br\/wp-content\/uploads\/2023\/09\/download.png\" alt=\"contato unialpha uniformes profissionais\" width=\"128\" height=\"49\" \/><\/a><\/p>\n<p><script type=\"application\/ld+json\">\n{\n  \"@context\": \"https:\/\/schema.org\/\",\n  \"@type\": \"Product\",\n  \"name\": \"Camisa Polo Alta Qualidade - Malha Algod\u00e3o Piquet e Dry Fit PV para Uniformes Personalizados - Kit 20 Pcs\",\n  \"image\": [\n    \"https:\/\/alphamodasocial.com.br\/path-to-image1.jpg\",\n    \"https:\/\/alphamodasocial.com.br\/path-to-image2.jpg\"\n  ],\n  \"description\": \"Kit com 20 camisas polo de alta qualidade, feitas em malha de algod\u00e3o piquet e dry fit PV, perfeitas para uniformes personalizados.\",\n  \"sku\": \"SKU55667\",\n  \"mpn\": \"MPN55667\",\n  \"brand\": {\n    \"@type\": \"Brand\",\n    \"name\": \"Alpha Moda Social\"\n  },\n  \"offers\": {\n    \"@type\": \"Offer\",\n    \"url\": \"https:\/\/alphamodasocial.com.br\/shop\/produto\/camisa-polo-alta-qualidade-malha-algodao-piquet-e-dry-fit-pv-para-uniformes-personalizados-kit-20-pcs\/\",\n    \"priceCurrency\": \"BRL\",\n    \"price\": \"950.00\",\n    \"priceValidUntil\": \"2024-12-31\",\n    \"itemCondition\": \"https:\/\/schema.org\/NewCondition\",\n    \"availability\": \"https:\/\/schema.org\/InStock\"\n  }\n}\n<\/script><\/p>\n","protected":false},"excerpt":{"rendered":"<h4><strong><span style=\"color: #3366ff;\"><span style=\"color: #ff9900;\">PROMO\u00c7\u00c3O DE LAN\u00c7AMENTO !!!<\/span><br \/>\nParcelado no cart\u00e3o de cr\u00e9dito<\/span><\/strong><br \/>\nComo comprar:<\/h4>\n<p>&nbsp;<\/p>\n<p><strong><img decoding=\"async\" loading=\"lazy\" class=\"wp-image-28455 alignleft\" src=\"https:\/\/unialphauniformes.com.br\/wp-content\/uploads\/2022\/06\/c585d7e96a7eaf3f1ecd1297d4593ce9.jpg\" alt=\"\" width=\"93\" height=\"93\" \/><\/strong><\/p>\n<p><strong>FAZEMOS SEU UNIFORME NA COR QUE VOC\u00ca IMAGINAR<\/strong><\/p>\n<p>&nbsp;<\/p>\n<p><strong>Compre agora e nos envie as informa\u00e7\u00f5es abaixo nesse whatsapp<a href=\"https:\/\/wa.me\/551531911606?text=Ol\u00e1,%20vim%20do%20site%20alpha%20Uniformes\" target=\"_blank\" rel=\"noopener\"><img decoding=\"async\" loading=\"lazy\" class=\"alignnone wp-image-28466\" src=\"https:\/\/unialphauniformes.com.br\/wp-content\/uploads\/2022\/06\/ec17f4c55c8cc534d8b12ea2181a0b73.jpg\" alt=\"\" width=\"17\" height=\"17\" \/><\/a> <\/strong><br \/>\n&#8211; O logo da sua empresa<br \/>\n&#8211; Combina\u00e7\u00e3o de cores que deseja conforme cat\u00e1logos em anexo<br \/>\n&#8211; Quantidades de pe\u00e7as por tamanho e sexo<\/p>\n<p>&nbsp;<\/p>\n<p>&nbsp;<\/p>\n<p>&nbsp;<\/p>\n<p>&nbsp;<\/p>\n","protected":false},"featured_media":20106,"template":"","meta":{"_monsterinsights_skip_tracking":false,"_monsterinsights_sitenote_active":false,"_monsterinsights_sitenote_note":"","_monsterinsights_sitenote_category":0},"product_cat":[701,232],"product_tag":[1718,1727,1728,1726,1721,1733,1720,1719,1735,1722,1731,1730,1725,1734,1732,1729,1723,838,1582,1724],"_links":{"self":[{"href":"https:\/\/alphamodasocial.com.br\/shop\/wp-json\/wp\/v2\/product\/20101"}],"collection":[{"href":"https:\/\/alphamodasocial.com.br\/shop\/wp-json\/wp\/v2\/product"}],"about":[{"href":"https:\/\/alphamodasocial.com.br\/shop\/wp-json\/wp\/v2\/types\/product"}],"wp:featuredmedia":[{"embeddable":true,"href":"https:\/\/alphamodasocial.com.br\/shop\/wp-json\/wp\/v2\/media\/20106"}],"wp:attachment":[{"href":"https:\/\/alphamodasocial.com.br\/shop\/wp-json\/wp\/v2\/media?parent=20101"}],"wp:term":[{"taxonomy":"product_cat","embeddable":true,"href":"https:\/\/alphamodasocial.com.br\/shop\/wp-json\/wp\/v2\/product_cat?post=20101"},{"taxonomy":"product_tag","embeddable":true,"href":"https:\/\/alphamodasocial.com.br\/shop\/wp-json\/wp\/v2\/product_tag?post=20101"}],"curies":[{"name":"wp","href":"https:\/\/api.w.org\/{rel}","templated":true}]}}