{"id":9057,"date":"2017-03-15T13:05:36","date_gmt":"2017-03-15T16:05:36","guid":{"rendered":"https:\/\/alphamodasocial.com.br\/shop\/?page_id=9057"},"modified":"2022-12-10T11:57:03","modified_gmt":"2022-12-10T14:57:03","slug":"assessoria-em-desenvolvimento-de-uniformes","status":"publish","type":"page","link":"https:\/\/alphamodasocial.com.br\/shop\/assessoria-em-desenvolvimento-de-uniformes\/","title":{"rendered":"Assessoria em Desenvolvimento de Uniformes Profissionais"},"content":{"rendered":"<p><strong>Assessoria em Desenvolvimento de Uniformes Profissionais<\/strong><\/p>\n<p>Ap\u00f3s muitos anos na \u00e1rea comercial atendemos a muitas empresas, sendo elas pequenas, m\u00e9dias e grandes, vemos a falta de especifica\u00e7\u00f5es t\u00e9cnicas para os uniformes que essas empresas utilizam com os seus funcion\u00e1rios.<\/p>\n<p>Fato esse que, muitas vezes quando seus compradores precisam fazer or\u00e7amento para a compra de novos uniformes n\u00e3o possuem informa\u00e7\u00f5es suficientes para que se consigam um or\u00e7amento preciso em rela\u00e7\u00e3o a valores e materiais e serem usados, algo preocupante pois vemos que n\u00e3o existe um padr\u00e3o a ser exigido.<\/p>\n<p>Em muitos casos essas empresas gostam dos uniformes usam atualmente, por\u00e9m ao procurarem novos fornecedores n\u00e3o sabem de fato qual tecido compraram para manter a satisfa\u00e7\u00e3o dos seus colaboradores, bem como, a durabilidade dos mesmo.<\/p>\n<p>Essa servi\u00e7o de assessoria em desenvolvimento de uniformes e fardamentos profissionais tamb\u00e9m \u00e9 de extrema import\u00e2ncia para empresas que est\u00e3o come\u00e7ando e querem desenvolver uniformes para os seus funcion\u00e1rios.<\/p>\n<p>As vezes parece se algo simples e sem muita preocupa\u00e7\u00e3o, mas n\u00e3o, \u00e9 de extrema import\u00e2ncia, explicamos abaixo cada algumas delas<\/p>\n<p><img decoding=\"async\" loading=\"lazy\" class=\"alignnone size-full wp-image-19481\" src=\"https:\/\/alphamodasocial.com.br\/shop\/wp-content\/uploads\/2022\/12\/Capturar-3.jpg\" alt=\"\" width=\"811\" height=\"476\" srcset=\"https:\/\/alphamodasocial.com.br\/shop\/wp-content\/uploads\/2022\/12\/Capturar-3.jpg 811w, https:\/\/alphamodasocial.com.br\/shop\/wp-content\/uploads\/2022\/12\/Capturar-3-300x176.jpg 300w, https:\/\/alphamodasocial.com.br\/shop\/wp-content\/uploads\/2022\/12\/Capturar-3-768x451.jpg 768w, https:\/\/alphamodasocial.com.br\/shop\/wp-content\/uploads\/2022\/12\/Capturar-3-640x376.jpg 640w\" sizes=\"(max-width: 811px) 100vw, 811px\" \/><\/p>\n<ul>\n<li>Tecido adequado &#8211; tr\u00e1s conforto e seguran\u00e7a para o funcion\u00e1rio e durabilidade para a empresa que fez tal investimento nos uniformes,<br \/>\nEx 1.: Um chef de cozinha, bem como, seus cozinheiros, jamais devem usar vestimentas com tecidos feitos com 100% de poli\u00e9ster, al\u00e9m de dar poder dar mal cheiro em mistura com a qu\u00edmica da pessoa, em caso de pegar fogo esse tecido pode derreter e grudar na pele fazendo com que para fazer a retirada seja apenas com cirurgia.<br \/>\nEx 2.: Em locais que contenham produtos inflam\u00e1veis tamb\u00e9m n\u00e3o \u00e9 recomendado tecido com composi\u00e7\u00e3o de poli\u00e9ster, pois podem proporcionar eletricidade est\u00e1tica, aquele que quando tocamos em algo carro, pessoas etc levamos choque, sendo assim, se o local estiver com part\u00edculas inflam\u00e1veis no ambiente pode causar explos\u00e3o ao soltar fa\u00edsca em alguns casos.<\/li>\n<li>\u00a0Personaliza\u00e7\u00e3o &#8211; existem v\u00e1rias t\u00e9cnicas de se fazer a personaliza\u00e7\u00e3o do logotipo\/marca nos uniformes, nem tudo que se cria no computador \u00e9 poss\u00edvel fazer nos uniformes, por isso, \u00e9 necess\u00e1rio que se saiba a t\u00e9cnica adequada para que se mantenha a fidelidade da marca com cores e formatos, pois foi algo estudado pela empresa que a desenvolveu.<\/li>\n<li>Cor &#8211; a cor dos uniformes al\u00e9m de trazer junto a ela a identidade de empresa, tem que se analisar tamb\u00e9m o conforto t\u00e9rmico no uso di\u00e1rio da pe\u00e7a, pois a cor quanto mais escura for, mais quente ela \u00e9 dependendo do local de uso dos uniformes e da fun\u00e7\u00e3o do funcion\u00e1rio.<\/li>\n<li>Modelagem &#8211; dependendo da fun\u00e7\u00e3o do funcion\u00e1rio a modelagem\/modelo do uniforme tem que ser adequado \u00e0quele local, sendo ele para proporcionar uma boa apresenta\u00e7\u00e3o perante aos clientes ou para que esse uniformes lhe d\u00ea mobilidade, seguran\u00e7a e conforto t\u00e9rmino.Enfim, existem v\u00e1rios detalhes a se analisar e ap\u00f3s tudo definido e validado cria-se um manual vinculado ao sistema de cada empresa seus fornecedores possam seguir a padroniza\u00e7\u00e3o dos uniformes.Temos esteiro relacionamento com os melhores fornecedores de tecido do Brasil, bem como, fornecedores de outros materiais usados para a confec\u00e7\u00e3o dos uniformes.Estamos preparados e capacitados para atender a demanda da sua empresa.\n<p>Para entrar em contato e ter acesso a todas essas informa\u00e7\u00f5es importantes temos o nosso email e whatsapp abaixo, onde podemos explicar de que forma podemos fazer todos esse trabalhos, valores e tudo mais.<\/p>\n<p>Aguardo voc\u00ea me chamar<\/p>\n<p><a href=\"https:\/\/wa.me\/5515988190210?text=Ol%C3%A1,%20sou%20o%20Anderson%20Marques%20e%20estou%20aqui%20para%20ter%20ajudar%20na%20assessoria%20para%20o%20desenvolvimento%20de%20uma%20manual%20t%C3%A9cnico%20dos%20uniformes%20da%20sua%20empresa\" target=\"_blank\" rel=\"noopener\"><img decoding=\"async\" loading=\"lazy\" class=\"alignnone wp-image-19478\" src=\"https:\/\/alphamodasocial.com.br\/shop\/wp-content\/uploads\/2022\/12\/Whatsapp-2.png\" alt=\"\" width=\"22\" height=\"22\" srcset=\"https:\/\/alphamodasocial.com.br\/shop\/wp-content\/uploads\/2022\/12\/Whatsapp-2.png 153w, https:\/\/alphamodasocial.com.br\/shop\/wp-content\/uploads\/2022\/12\/Whatsapp-2-150x150.png 150w, https:\/\/alphamodasocial.com.br\/shop\/wp-content\/uploads\/2022\/12\/Whatsapp-2-100x100.png 100w\" sizes=\"(max-width: 22px) 100vw, 22px\" \/><\/a><a href=\"https:\/\/wa.me\/5515988190210?text=Ol%C3%A1,%20sou%20o%20Anderson%20Marques%20e%20estou%20aqui%20para%20ter%20ajudar%20na%20assessoria%20para%20o%20desenvolvimento%20de%20uma%20manual%20t%C3%A9cnico%20dos%20uniformes%20da%20sua%20empresa\" target=\"_blank\" rel=\"noopener\"> 15 98819-0210<\/a> Anderson<\/p>\n<p><img decoding=\"async\" loading=\"lazy\" class=\"alignnone size-full wp-image-19482\" src=\"https:\/\/alphamodasocial.com.br\/shop\/wp-content\/uploads\/2022\/12\/Capturar.jpg\" alt=\"\" width=\"851\" height=\"600\" srcset=\"https:\/\/alphamodasocial.com.br\/shop\/wp-content\/uploads\/2022\/12\/Capturar.jpg 851w, https:\/\/alphamodasocial.com.br\/shop\/wp-content\/uploads\/2022\/12\/Capturar-300x212.jpg 300w, https:\/\/alphamodasocial.com.br\/shop\/wp-content\/uploads\/2022\/12\/Capturar-768x541.jpg 768w, https:\/\/alphamodasocial.com.br\/shop\/wp-content\/uploads\/2022\/12\/Capturar-640x451.jpg 640w\" sizes=\"(max-width: 851px) 100vw, 851px\" \/><\/li>\n<\/ul>\n<p>&nbsp;<\/p>\n<p>&nbsp;<\/p>\n","protected":false},"excerpt":{"rendered":"<p>Assessoria em Desenvolvimento de Uniformes Profissionais Ap\u00f3s muitos anos na \u00e1rea comercial atendemos a muitas empresas, sendo elas pequenas, m\u00e9dias e grandes, vemos a falta de especifica\u00e7\u00f5es t\u00e9cnicas para os uniformes que essas empresas utilizam com os seus funcion\u00e1rios. Fato esse que, muitas vezes quando seus compradores precisam fazer or\u00e7amento para a compra de novos [&hellip;]<\/p>\n","protected":false},"author":2,"featured_media":19479,"parent":0,"menu_order":0,"comment_status":"closed","ping_status":"closed","template":"","meta":{"_monsterinsights_skip_tracking":false,"_monsterinsights_sitenote_active":false,"_monsterinsights_sitenote_note":"","_monsterinsights_sitenote_category":0,"footnotes":""},"_links":{"self":[{"href":"https:\/\/alphamodasocial.com.br\/shop\/wp-json\/wp\/v2\/pages\/9057"}],"collection":[{"href":"https:\/\/alphamodasocial.com.br\/shop\/wp-json\/wp\/v2\/pages"}],"about":[{"href":"https:\/\/alphamodasocial.com.br\/shop\/wp-json\/wp\/v2\/types\/page"}],"author":[{"embeddable":true,"href":"https:\/\/alphamodasocial.com.br\/shop\/wp-json\/wp\/v2\/users\/2"}],"replies":[{"embeddable":true,"href":"https:\/\/alphamodasocial.com.br\/shop\/wp-json\/wp\/v2\/comments?post=9057"}],"version-history":[{"count":7,"href":"https:\/\/alphamodasocial.com.br\/shop\/wp-json\/wp\/v2\/pages\/9057\/revisions"}],"predecessor-version":[{"id":19489,"href":"https:\/\/alphamodasocial.com.br\/shop\/wp-json\/wp\/v2\/pages\/9057\/revisions\/19489"}],"wp:featuredmedia":[{"embeddable":true,"href":"https:\/\/alphamodasocial.com.br\/shop\/wp-json\/wp\/v2\/media\/19479"}],"wp:attachment":[{"href":"https:\/\/alphamodasocial.com.br\/shop\/wp-json\/wp\/v2\/media?parent=9057"}],"curies":[{"name":"wp","href":"https:\/\/api.w.org\/{rel}","templated":true}]}}

<p><strong>Assessoria em Desenvolvimento de Uniformes Profissionais</strong></p>
<p>Após muitos anos na área comercial atendemos a muitas empresas, sendo elas pequenas, médias e grandes, vemos a falta de especificações técnicas para os uniformes que essas empresas utilizam com os seus funcionários.</p>
<p>Fato esse que, muitas vezes quando seus compradores precisam fazer orçamento para a compra de novos uniformes não possuem informações suficientes para que se consigam um orçamento preciso em relação a valores e materiais e serem usados, algo preocupante pois vemos que não existe um padrão a ser exigido.</p>
<p>Em muitos casos essas empresas gostam dos uniformes usam atualmente, porém ao procurarem novos fornecedores não sabem de fato qual tecido compraram para manter a satisfação dos seus colaboradores, bem como, a durabilidade dos mesmo.</p>
<p>Essa serviço de assessoria em desenvolvimento de uniformes e fardamentos profissionais também é de extrema importância para empresas que estão começando e querem desenvolver uniformes para os seus funcionários.</p>
<p>As vezes parece se algo simples e sem muita preocupação, mas não, é de extrema importância, explicamos abaixo cada algumas delas</p>
<p><img decoding="async" loading="lazy" class="alignnone size-full wp-image-19481" src="https://alphamodasocial.com.br/shop/wp-content/uploads/2022/12/Capturar-3.jpg" alt="" width="811" height="476" srcset="https://alphamodasocial.com.br/shop/wp-content/uploads/2022/12/Capturar-3.jpg 811w, https://alphamodasocial.com.br/shop/wp-content/uploads/2022/12/Capturar-3-300x176.jpg 300w, https://alphamodasocial.com.br/shop/wp-content/uploads/2022/12/Capturar-3-768x451.jpg 768w, https://alphamodasocial.com.br/shop/wp-content/uploads/2022/12/Capturar-3-640x376.jpg 640w" sizes="(max-width: 811px) 100vw, 811px" /></p>
<ul>
<li>Tecido adequado &#8211; trás conforto e segurança para o funcionário e durabilidade para a empresa que fez tal investimento nos uniformes,<br />
Ex 1.: Um chef de cozinha, bem como, seus cozinheiros, jamais devem usar vestimentas com tecidos feitos com 100% de poliéster, além de dar poder dar mal cheiro em mistura com a química da pessoa, em caso de pegar fogo esse tecido pode derreter e grudar na pele fazendo com que para fazer a retirada seja apenas com cirurgia.<br />
Ex 2.: Em locais que contenham produtos inflamáveis também não é recomendado tecido com composição de poliéster, pois podem proporcionar eletricidade estática, aquele que quando tocamos em algo carro, pessoas etc levamos choque, sendo assim, se o local estiver com partículas inflamáveis no ambiente pode causar explosão ao soltar faísca em alguns casos.</li>
<li> Personalização &#8211; existem várias técnicas de se fazer a personalização do logotipo/marca nos uniformes, nem tudo que se cria no computador é possível fazer nos uniformes, por isso, é necessário que se saiba a técnica adequada para que se mantenha a fidelidade da marca com cores e formatos, pois foi algo estudado pela empresa que a desenvolveu.</li>
<li>Cor &#8211; a cor dos uniformes além de trazer junto a ela a identidade de empresa, tem que se analisar também o conforto térmico no uso diário da peça, pois a cor quanto mais escura for, mais quente ela é dependendo do local de uso dos uniformes e da função do funcionário.</li>
<li>Modelagem &#8211; dependendo da função do funcionário a modelagem/modelo do uniforme tem que ser adequado àquele local, sendo ele para proporcionar uma boa apresentação perante aos clientes ou para que esse uniformes lhe dê mobilidade, segurança e conforto término.Enfim, existem vários detalhes a se analisar e após tudo definido e validado cria-se um manual vinculado ao sistema de cada empresa seus fornecedores possam seguir a padronização dos uniformes.Temos esteiro relacionamento com os melhores fornecedores de tecido do Brasil, bem como, fornecedores de outros materiais usados para a confecção dos uniformes.Estamos preparados e capacitados para atender a demanda da sua empresa.
<p>Para entrar em contato e ter acesso a todas essas informações importantes temos o nosso email e whatsapp abaixo, onde podemos explicar de que forma podemos fazer todos esse trabalhos, valores e tudo mais.</p>
<p>Aguardo você me chamar</p>
<p><a href="https://wa.me/5515988190210?text=Ol%C3%A1,%20sou%20o%20Anderson%20Marques%20e%20estou%20aqui%20para%20ter%20ajudar%20na%20assessoria%20para%20o%20desenvolvimento%20de%20uma%20manual%20t%C3%A9cnico%20dos%20uniformes%20da%20sua%20empresa" target="_blank" rel="noopener"><img decoding="async" loading="lazy" class="alignnone wp-image-19478" src="https://alphamodasocial.com.br/shop/wp-content/uploads/2022/12/Whatsapp-2.png" alt="" width="22" height="22" srcset="https://alphamodasocial.com.br/shop/wp-content/uploads/2022/12/Whatsapp-2.png 153w, https://alphamodasocial.com.br/shop/wp-content/uploads/2022/12/Whatsapp-2-150x150.png 150w, https://alphamodasocial.com.br/shop/wp-content/uploads/2022/12/Whatsapp-2-100x100.png 100w" sizes="(max-width: 22px) 100vw, 22px" /></a><a href="https://wa.me/5515988190210?text=Ol%C3%A1,%20sou%20o%20Anderson%20Marques%20e%20estou%20aqui%20para%20ter%20ajudar%20na%20assessoria%20para%20o%20desenvolvimento%20de%20uma%20manual%20t%C3%A9cnico%20dos%20uniformes%20da%20sua%20empresa" target="_blank" rel="noopener"> 15 98819-0210</a> Anderson</p>
<p><img decoding="async" loading="lazy" class="alignnone size-full wp-image-19482" src="https://alphamodasocial.com.br/shop/wp-content/uploads/2022/12/Capturar.jpg" alt="" width="851" height="600" srcset="https://alphamodasocial.com.br/shop/wp-content/uploads/2022/12/Capturar.jpg 851w, https://alphamodasocial.com.br/shop/wp-content/uploads/2022/12/Capturar-300x212.jpg 300w, https://alphamodasocial.com.br/shop/wp-content/uploads/2022/12/Capturar-768x541.jpg 768w, https://alphamodasocial.com.br/shop/wp-content/uploads/2022/12/Capturar-640x451.jpg 640w" sizes="(max-width: 851px) 100vw, 851px" /></li>
</ul>
<p>&nbsp;</p>
<p>&nbsp;</p>

<p>Assessoria em Desenvolvimento de Uniformes Profissionais Após muitos anos na área comercial atendemos a muitas empresas, sendo elas pequenas, médias e grandes, vemos a falta de especificações técnicas para os uniformes que essas empresas utilizam com os seus funcionários. Fato esse que, muitas vezes quando seus compradores precisam fazer orçamento para a compra de novos [&hellip;]</p>
